{"id":323,"date":"2022-12-14T06:26:49","date_gmt":"2022-12-14T06:26:49","guid":{"rendered":"https:\/\/htdigital.com.mx\/?page_id=323"},"modified":"2022-12-14T06:50:52","modified_gmt":"2022-12-14T06:50:52","slug":"politica-de-privacidad","status":"publish","type":"page","link":"https:\/\/htdigital.com.mx\/?page_id=323","title":{"rendered":"Politica de Privacidad"},"content":{"rendered":"\t\t<div data-elementor-type=\"wp-page\" data-elementor-id=\"323\" class=\"elementor elementor-323\">\n\t\t\t\t\t\t<section class=\"elementor-section elementor-top-section elementor-element elementor-element-194764e elementor-section-boxed elementor-section-height-default elementor-section-height-default\" data-id=\"194764e\" data-element_type=\"section\" data-e-type=\"section\">\n\t\t\t\t\t\t<div class=\"elementor-container elementor-column-gap-default\">\n\t\t\t\t\t<div class=\"elementor-column elementor-col-33 elementor-top-column elementor-element elementor-element-08bba75\" data-id=\"08bba75\" data-element_type=\"column\" data-e-type=\"column\">\n\t\t\t<div class=\"elementor-widget-wrap\">\n\t\t\t\t\t\t\t<\/div>\n\t\t<\/div>\n\t\t\t\t<div class=\"elementor-column elementor-col-33 elementor-top-column elementor-element elementor-element-9e67c9c\" data-id=\"9e67c9c\" data-element_type=\"column\" data-e-type=\"column\">\n\t\t\t<div class=\"elementor-widget-wrap elementor-element-populated\">\n\t\t\t\t\t\t<div class=\"elementor-element elementor-element-bab4b8f elementor-widget elementor-widget-text-editor\" data-id=\"bab4b8f\" data-element_type=\"widget\" data-e-type=\"widget\" data-widget_type=\"text-editor.default\">\n\t\t\t\t<div class=\"elementor-widget-container\">\n\t\t\t\t\t\t\t\t\t<p><b>Aviso de Privacidad<\/b><\/p><p>En cumplimiento a la Ley Federal de Protecci\u00f3n de Datos Personales en Posesi\u00f3n de Particulares y su Reglamento, <b>HT Servicio Inteligente<\/b>., con domicilio en Calle Nogal No. 30, Col Noxtongo C.P. 42855; Tepeji del Rio de Ocampo, Hgo., estamos conscientes de la importancia que tiene el tratamiento leg\u00edtimo, controlado e informado de los datos personales de los usuarios de nuestro sitio web.\u00a0\u00a0 En virtud de lo anterior, ponemos a su disposici\u00f3n la presente Pol\u00edtica de Privacidad por medio de la cual, le informamos sobre el tratamiento que se dar\u00e1 a sus datos personales y otra informaci\u00f3n que se recaba a trav\u00e9s de nuestro sitio web.<\/p><p>Esta Pol\u00edtica de Privacidad es aplicable a los datos personales que <b>HT Servicio Inteligente<\/b> (en adelante <b>&#8220;HTSI&#8221;<\/b>) trata; la cual tiene por objeto informarle sobre c\u00f3mo se utilizan sus datos personales, as\u00ed como las medidas de seguridad que adopta <b>HTSI<\/b> y las opciones con que usted cuenta en relaci\u00f3n con el tratamiento de sus datos personales.<\/p><p><b>Recolecci\u00f3n y procesamiento de datos personales<\/b><\/p><p>En principio, usted puede navegar en nuestro sitio web sin proporcionar datos personales. Sin embargo, <b>HTSI<\/b> pone a su disposici\u00f3n ciertos campos en los cuales puede voluntariamente proporcionar sus datos personales, por ejemplo, para enviar un e-mail desde nuestro sitio, o bien para solicitar informaci\u00f3n sobre los servicios que brindamos. <b>HTSI<\/b> puede recolectar datos personales de diversas fuentes, incluyendo pero no limit\u00e1ndose a: cuando se env\u00eden correos electr\u00f3nicos desde nuestro sitio web; cuando nos contacte por cualquier raz\u00f3n derivada del uso de nuestros productos o servicios; cuando se lleven a cabo encuestas; cuando presente un testimonio o an\u00e9cdota relacionada con <b>HTSI<\/b> y\/o sus productos o servicios; cuando decida suscribirse a alguna publicaci\u00f3n de <b>HTSI<\/b>; cuando nos presente datos personales en alguna forma an\u00e1loga o similar a las anteriores.<\/p><p>Las categor\u00edas de datos personales a recabar y sujetas a tratamiento son: datos de identificaci\u00f3n; datos de contacto; datos patrimoniales; datos financieros; datos econ\u00f3micos; datos laborales.<br \/>Datos Personales de menores de edad<\/p><p>En <b>HTSI<\/b> conocemos la importancia que tiene la protecci\u00f3n de la privacidad y los datos personales de los menores de edad, por lo que <b>HTSI<\/b> no obtiene, usa, divulga o almacena informaci\u00f3n relacionada con menores de edad, sin el consentimiento previo de su representante legal. Tal representante legal podr\u00e1 ejercitar los derechos que por ley le corresponden al titular de datos personales, en este caso, el menor de edad.<\/p><p><b>Finalidades del tratamiento de los datos personales<\/b><\/p><p><b>HTSI<\/b> recaba, utiliza, almacena o transfiere sus datos personales, en la medida que la ley lo permite, para llevar a cabo las finalidades propias de la empresa como por ejemplo: la evaluaci\u00f3n y an\u00e1lisis para los servicios proporcionados; la formalizaci\u00f3n de alianzas y realizaci\u00f3n de proyectos por s\u00ed mismo o a trav\u00e9s de terceros que sean acordes a su objeto; cumplimiento con obligaciones legales; desarrollo de nuevos productos y servicios; la adquisici\u00f3n o contrataci\u00f3n de bienes y servicios; la participaci\u00f3n en actividades que tengan como objetivo promover el desarrollo social a trav\u00e9s de proyectos sociales;\u00a0 seguimiento a los procesos para los cuales proporcion\u00f3 sus datos; estudios para determinar la satisfacci\u00f3n de los donativos o apoyos sociales otorgados.<\/p><p>podr\u00e1 hacer uso de sus datos personales para otras finalidades, siempre y cuando dichas finalidades sean an\u00e1logas a las anteriores y compatibles con las mismas.<\/p><p>Sus datos personales ser\u00e1n tratados \u00fanicamente por el tiempo necesario a fin de cumplir con las finalidades descritas y\/o de conformidad con lo que establezcan las disposiciones legales aplicables.<br \/>Medidas de seguridad<\/p><p>ha adoptado medidas de seguridad, t\u00e9cnicas administrativas y f\u00edsicas, necesarias para procurar la integridad de sus datos personales y evitar su da\u00f1o, perdida, alteraci\u00f3n, destrucci\u00f3n o el uso, acceso o tratamiento no autorizado. Sin embargo, es claro que ninguna transmisi\u00f3n de datos por Internet es completamente segura y por ende <b>HTSI<\/b> \u00a0no puede garantizar que el tratamiento de sus datos personales estar\u00e1 libre de todo da\u00f1o, p\u00e9rdida, alteraci\u00f3n, destrucci\u00f3n o el uso, acceso o tratamiento no autorizado.<\/p><p>\u00danicamente el personal autorizado, que ha cumplido y observado los correspondientes requisitos de confidencialidad, podr\u00e1 participar en el tratamiento de sus datos personales. El personal autorizado tiene prohibido permitir el acceso de personas no autorizadas y utilizar sus datos personales para los fines distintos a los descritos. La obligaci\u00f3n de confidencialidad de las personas que participan en el tratamiento de sus datos personales subsiste a\u00fan despu\u00e9s de terminada la relaci\u00f3n con <b>HTSI<\/b>.<br \/>Comunicaciones y Transferencias de datos personales<\/p><p>Como parte de las operaciones propias del negocio y a fin de cumplir con las finalidades descritas, <b>HTSI<\/b> podr\u00e1 compartir con terceros, nacionales o extranjeros, algunos o todos sus datos personales. Dichos terceros podr\u00e1n ser compa\u00f1\u00edas afiliadas o subsidiaras de <b>HTSI<\/b>; asesores profesionales externos; y\/u otros prestadores de servicios y, en general, cualquier tercero que act\u00fae como encargado a nombre y por cuenta de <b>HTSI<\/b>.<\/p><p><b>HTSI<\/b> se asegurar\u00e1, en la medida de lo posible, que dichos terceros mantengan medidas de seguridad, administrativas, t\u00e9cnicas y f\u00edsicas, adecuadas para resguardar sus datos personales contra da\u00f1o, p\u00e9rdida, alteraci\u00f3n, destrucci\u00f3n o el uso, acceso o tratamiento no autorizado de sus datos personales, as\u00ed como que cumplan con la presente Pol\u00edtica de Privacidad y los Avisos de Privacidad que correspondan.<\/p><p><b>HTSI<\/b> no cede, vende o transfiere sus datos personales, a terceros que no guardan relaci\u00f3n con <b>HTSI<\/b>, sin su consentimiento previo.<\/p><p><b>Derechos que le corresponden al titular de los datos personales<\/b><\/p><p>Usted, como titular de datos personales, podr\u00e1 ejercitar los derechos de acceso, rectificaci\u00f3n, cancelaci\u00f3n u oposici\u00f3n respecto al tratamiento de sus datos personales.<\/p><p>Cualquier titular o representante legal podr\u00e1 ejercer los derechos de acceso, rectificaci\u00f3n, cancelaci\u00f3n y oposici\u00f3n, y<b> HTSI<\/b> proveer\u00e1 los medios que le permitan un oportuno ejercicio de sus derechos. El ejercicio de los derechos de acceso, rectificaci\u00f3n, cancelaci\u00f3n, oposici\u00f3n, limitaci\u00f3n de uso o la revocaci\u00f3n del consentimiento, podr\u00e1 solicitarse por escrito al\u00a0responsable de nuestro Departamento de Protecci\u00f3n de Datos Personales, el cual se encuentra ubicado en Calle Nogal No. 30, Col Noxtongo C.P. 42855; Tepeji del Rio de Ocampo, Hgo., o bien, al tel\u00e9fono 773 733 3660, o v\u00eda correo electr\u00f3nico a\u00a0anelhtdigital@gmail.com, el cual solicitamos confirme v\u00eda telef\u00f3nica para garantizar su correcta recepci\u00f3n.<br \/>En caso de que desee rectificar, cancelar u oponerse a ciertos datos personales que conforman la base de datos de SMV, deber\u00e1 enviar su solicitud por escrito y deber\u00e1 acompa\u00f1ar los siguientes requisitos:<\/p><p>1.\u00a0\u00a0\u00a0\u00a0\u00a0\u00a0\u00a0\u00a0El nombre del titular de los datos personales y domicilio para comunicarle la respuesta a su solicitud;<\/p><p>2.\u00a0\u00a0\u00a0\u00a0\u00a0\u00a0\u00a0\u00a0Los documentos que acrediten la identidad, o en su caso, la representaci\u00f3n legal del titular;<\/p><p>3.\u00a0\u00a0\u00a0\u00a0\u00a0\u00a0\u00a0\u00a0La descripci\u00f3n clara y precisa de los datos personales respecto de los que se busca ejercer alguno de los derechos antes mencionados; y<\/p><p>4.\u00a0\u00a0\u00a0\u00a0\u00a0\u00a0\u00a0\u00a0Cualquier otro elemento o documento que facilite la localizaci\u00f3n de los datos personales.<\/p><p>5.\u00a0\u00a0\u00a0\u00a0\u00a0\u00a0\u00a0\u00a0Para el caso de solicitudes de rectificaci\u00f3n, el titular deber\u00e1 indicar las modificaciones a realizarse y aportar la documentaci\u00f3n que sustente su petici\u00f3n.<\/p><p>De conformidad con la Ley Federal de Protecci\u00f3n de Datos Personales en Posesi\u00f3n de Particulares,\u00a0<b>HTSI<\/b> comunicar\u00e1 al titular de los datos personales en un plazo m\u00e1ximo 20 d\u00edas h\u00e1biles contados desde la fecha en que se recibi\u00f3 la solicitud, la determinaci\u00f3n adoptada a efecto de que, si resulta procedente, se haga efectiva la misma dentro de los 15 d\u00edas siguientes a la fecha en que se comunica la respuesta.<\/p><p>La obligaci\u00f3n de acceso a la informaci\u00f3n, se dar\u00e1 por cumplida cuando se pongan a disposici\u00f3n del titular los datos personales; o bien, mediante la expedici\u00f3n de copias simples, documentos electr\u00f3nicos o cualquier otro medio que <b>HTSI<\/b> provea al titular de los datos personales.<\/p><p>SMV podr\u00e1 negar el acceso a los datos personales, la rectificaci\u00f3n, cancelaci\u00f3n o concesi\u00f3n de la oposici\u00f3n al tratamiento de los mismos, en los siguientes supuestos:<\/p><p>1.\u00a0\u00a0\u00a0\u00a0\u00a0\u00a0\u00a0\u00a0Cuando el solicitante no sea el titular de los datos personales, o el representante legal no est\u00e9 debidamente acreditado para ello;<\/p><p>2.\u00a0\u00a0\u00a0\u00a0\u00a0\u00a0\u00a0\u00a0Cuando en su base de datos no se encuentren los datos personales del solicitante;<\/p><p>3.\u00a0\u00a0\u00a0\u00a0\u00a0\u00a0\u00a0\u00a0Cuando se lesionen los derechos de un tercero;&gt;<\/p><p>4.\u00a0\u00a0\u00a0\u00a0\u00a0\u00a0\u00a0\u00a0Cuando exista un impedimento legal, o la resoluci\u00f3n de una autoridad competente que restrinja el acceso a los datos personales o que no permita la rectificaci\u00f3n, cancelaci\u00f3n u oposici\u00f3n de los mismos;<\/p><p>5.\u00a0\u00a0\u00a0\u00a0\u00a0\u00a0\u00a0\u00a0Cuando la rectificaci\u00f3n, cancelaci\u00f3n u oposici\u00f3n haya sido previamente realizada.<\/p><p>\u00a0<\/p><p>Asimismo, <b>HTSI<\/b> limitar\u00e1 el uso de los datos personales y datos personales sensibles a petici\u00f3n expresa del titular, y no estar\u00e1 obligada a cancelar los datos personales cuando:<\/p><p>\u00a0<\/p><p>1.\u00a0\u00a0\u00a0\u00a0\u00a0\u00a0\u00a0\u00a0Se refiera a las partes de un contrato privado, social o administrativo, y sean necesarios para su desarrollo y cumplimiento;<\/p><p>2.\u00a0\u00a0\u00a0\u00a0\u00a0\u00a0\u00a0\u00a0Deban ser tratados por disposici\u00f3n legal;<\/p><p>3.\u00a0\u00a0\u00a0\u00a0\u00a0\u00a0\u00a0\u00a0Obstaculice actuaciones judiciales o administrativas vinculadas a obligaciones fiscales, la investigaci\u00f3n y persecuci\u00f3n de delitos, o la actualizaci\u00f3n de sanciones administrativas;<\/p><p>4.\u00a0\u00a0\u00a0\u00a0\u00a0\u00a0\u00a0\u00a0Sean necesarios para proteger los intereses jur\u00eddicamente tutelados del titular;<\/p><p>5.\u00a0\u00a0\u00a0\u00a0\u00a0\u00a0\u00a0\u00a0Sean necesarios para realizar una acci\u00f3n en funci\u00f3n del inter\u00e9s p\u00fablico;<\/p><p>6.\u00a0\u00a0\u00a0\u00a0\u00a0\u00a0\u00a0\u00a0Sean necesarios para cumplir con una obligaci\u00f3n legalmente adquirida por el titular<\/p><p>7.\u00a0\u00a0\u00a0\u00a0\u00a0\u00a0\u00a0\u00a0Sean objeto de tratamiento para la prevenci\u00f3n o el diagn\u00f3stico m\u00e9dico o la gesti\u00f3n de servicios de salud; siempre que dicho tratamiento se realice por un profesional de la salud sujeto a un deber de secreto.<\/p><p>\u00a0<\/p><p><b>Cambios al Aviso de Privacidad<\/b><\/p><p><b>HTSI<\/b> se reserva el derecho de enmendar o modificar la presente Pol\u00edtica de Privacidad, como estime conveniente, por lo que le recomendamos revisarla constantemente y antes de utilizar nuestro sitio web, ya que el uso continuo de nuestro sitio web prueba que ha le\u00eddo, conoce y acepta la Pol\u00edtica de Privacidad vigente.<br \/>Contacto<\/p><p>Usted podr\u00e1 dirigir cualquier pregunta o comentario respecto a la presente Pol\u00edtica de Privacidad o ejercitar los derechos que por ley le corresponden, ante\u00a0nuestro Departamento de Protecci\u00f3n de Datos Personales, el cual se encuentra ubicado en Calle Nogal No. 30, Col Noxtongo C.P. 42855; Tepeji del Rio de Ocampo, Hgo., o bien, al tel\u00e9fono 773 733 3660, o v\u00eda correo electr\u00f3nico a\u00a0anelhtdigital@gmail.com<\/p><p>\u00a0<\/p>\t\t\t\t\t\t\t\t<\/div>\n\t\t\t\t<\/div>\n\t\t\t\t\t<\/div>\n\t\t<\/div>\n\t\t\t\t<div class=\"elementor-column elementor-col-33 elementor-top-column elementor-element elementor-element-5ac9db1\" data-id=\"5ac9db1\" data-element_type=\"column\" data-e-type=\"column\">\n\t\t\t<div class=\"elementor-widget-wrap\">\n\t\t\t\t\t\t\t<\/div>\n\t\t<\/div>\n\t\t\t\t\t<\/div>\n\t\t<\/section>\n\t\t\t\t<\/div>\n\t\t","protected":false},"excerpt":{"rendered":"<p>Aviso de Privacidad En cumplimiento a la Ley Federal de Protecci\u00f3n de Datos Personales en Posesi\u00f3n de Particulares y su Reglamento, HT Servicio Inteligente., con domicilio en Calle Nogal No. 30, Col Noxtongo C.P. 42855; Tepeji del Rio de Ocampo, Hgo., estamos conscientes de la importancia que tiene el tratamiento leg\u00edtimo, controlado e informado de &hellip;<\/p>\n<p class=\"read-more\"> <a class=\"\" href=\"https:\/\/htdigital.com.mx\/?page_id=323\"> <span class=\"screen-reader-text\">Politica de Privacidad<\/span> Read More &raquo;<\/a><\/p>\n","protected":false},"author":1,"featured_media":0,"parent":0,"menu_order":0,"comment_status":"closed","ping_status":"closed","template":"","meta":{"site-sidebar-layout":"no-sidebar","site-content-layout":"page-builder","ast-global-header-display":"","ast-main-header-display":"","ast-hfb-above-header-display":"","ast-hfb-below-header-display":"","ast-hfb-mobile-header-display":"","site-post-title":"disabled","ast-breadcrumbs-content":"","ast-featured-img":"disabled","footer-sml-layout":"","theme-transparent-header-meta":"","adv-header-id-meta":"","stick-header-meta":"","header-above-stick-meta":"","header-main-stick-meta":"","header-below-stick-meta":"","footnotes":""},"class_list":["post-323","page","type-page","status-publish","hentry"],"_links":{"self":[{"href":"https:\/\/htdigital.com.mx\/index.php?rest_route=\/wp\/v2\/pages\/323","targetHints":{"allow":["GET"]}}],"collection":[{"href":"https:\/\/htdigital.com.mx\/index.php?rest_route=\/wp\/v2\/pages"}],"about":[{"href":"https:\/\/htdigital.com.mx\/index.php?rest_route=\/wp\/v2\/types\/page"}],"author":[{"embeddable":true,"href":"https:\/\/htdigital.com.mx\/index.php?rest_route=\/wp\/v2\/users\/1"}],"replies":[{"embeddable":true,"href":"https:\/\/htdigital.com.mx\/index.php?rest_route=%2Fwp%2Fv2%2Fcomments&post=323"}],"version-history":[{"count":4,"href":"https:\/\/htdigital.com.mx\/index.php?rest_route=\/wp\/v2\/pages\/323\/revisions"}],"predecessor-version":[{"id":330,"href":"https:\/\/htdigital.com.mx\/index.php?rest_route=\/wp\/v2\/pages\/323\/revisions\/330"}],"wp:attachment":[{"href":"https:\/\/htdigital.com.mx\/index.php?rest_route=%2Fwp%2Fv2%2Fmedia&parent=323"}],"curies":[{"name":"wp","href":"https:\/\/api.w.org\/{rel}","templated":true}]}}